198 = -4*c. Let a = c - -96. Suppose 0 = -h + 4*l + 23, 0 = 3*h - 5*h + 5*l + 37. Calculate the remainder when a is divided by h.
8
Suppose 0*v + v - 4 = 3*d, 5*v = -d + 20. Calculate the remainder when 89 is divided by (d - 2) + 2 - -23.
20
Suppose 4 = 3*p - 2. What is the remainder when 61 is divided by 1/p - (-82)/4?
19
Suppose 5*a - 37 = -5*b + 2*a, 4*b = 5*a. Calculate the remainder when 5 is divided by 5 - (2/(-1) + b).
1
Suppose 2*i = 2*m + 44, -2*m - 15 = -i + 6. Suppose 5*v - 22 - 8 = 0. Calculate the remainder when i is divided by v.
5
Let v = -27 + 35. What is the remainder when 26 is divided by v?
2
Let y be (-10)/(-3) - (-1)/(-3). Suppose -3*i - i - 3*x + 21 = 0, -x - 6 = -y*i. What is the remainder when i is divided by 2?
1
Suppose 4 = 2*o - 8. Suppose o*i + 10 = 4*i. Calculate the remainder when 28 is divided by (-2)/i + 192/20.
8
Let k be (3/(-4))/(2/(-8)). Suppose -k*m = -5*z + 200, -z + 0*m - 3*m = -40. What is the remainder when z is divided by 14?
12
Let k = 78 + -48. Suppose 0 = -5*l - 3*s + k, -2*s + 4 = 4*l - 18. What is the remainder when 4 is divided by l?
1
Let t(v) = v**2 - 3*v + 6. Let n be t(4). Let x = n + 4. Calculate the remainder when 15/((-3)/(-8) - 0) is divided by x.
12
Let a(i) = -i**2 - 1. Let u(m) = m**3 + m**2 - 3*m + 3. Let v(r) = -2*a(r) + u(r). Let k be v(-4). What is the remainder when 17 is divided by -3 + k/1*13?
7
Let i(r) = -r**3 + r**2 + r + 61. Let g be i(0). Let h = g + -21. What is the remainder when h is divided by 21?
19
Suppose i - 2*h - 11 = 10, 5*h = 3*i - 59. Let z = 27 - i. Calculate the remainder when 40 is divided by z.
12
Suppose 3*k - 37 = i, 4*k - k - 2*i - 35 = 0. Calculate the remainder when 35 is divided by k.
9
Calculate the remainder when (-2)/(-3) - (-834)/18 is divided by 16.
15
Let q(z) = -18*z - 73. Calculate the remainder when q(-8) is divided by 20.
11
Let n = 43 + 1. Calculate the remainder when n is divided by 17.
10
Let r = 115 + -201. Let c be 10/35 - r/(-7). What is the remainder when 3/(-9) - 256/c is divided by 6?
3
Let v = -193 - -128. Let b = -46 - v. Calculate the remainder when 36 is divided by b.
17
Suppose -4*o + 3*v - v = -42, 5*o - 3*v = 55. Calculate the remainder when 78/(-4)*10/(-15) is divided by o.
5
Let m = -132 + 260. Let a = -69 + m. Suppose -246 - a = -5*r. Calculate the remainder when r is divided by 21.
19
Suppose 2*r + v = 6*r - 540, 5*r + 2*v - 688 = 0. Suppose 2*t + 2*s - r = -12, 2*t + 5*s = 109. Calculate the remainder when t is divided by 17.
16
Calculate the remainder when -7*(0 + -3*(-78)/(-63)) is divided by 10.
6
Let n be (-15)/5 + 1 + 12. Let a = n - -19. What is the remainder when 86 is divided by a?
28
Let c(h) = h - 12. Let u be c(7). Calculate the remainder when 61 is divided by (1 - -19)*(-4)/u.
13
Let n = 94 - 76. Let v be (6/9)/(1/6). Suppose v*t - 30 = t. What is the remainder when n is divided by t?
8
Suppose 0 = -v - 1 + 13. Suppose -2*b + 10 = -3*b. Let k = 33 + b. What is the remainder when k is divided by v?
11
Let b(w) be the first derivative of -w**4/4 + 8*w**3/3 - w**2 + w - 6. Calculate the remainder when b(6) is divided by 21.
19
Calculate the remainder when (-8)/3*-3 - 1 is divided by 6.
1
Let x(v) = v**2 - 34. Let n be x(0). Calculate the remainder when 50 is divided by (n/4)/((-2)/4).
16
Suppose 5*b = 4*x + 40, -8 = -b - 0*b - 2*x. Suppose i = 3*l + 1 + 3, 0 = 2*i - 3*l - b. Calculate the remainder when 136/14 + 4/14 is divided by i.
2
Let l = -33 + 36. What is the remainder when 14 is divided by l?
2
Let d(x) = x**3 + 7*x**2 - 3*x. Let v be d(-6). Suppose -a + v = a. Calculate the remainder when a is divided by 5*(-1)/(-2)*6.
12
Let h = -6 - -6. Let i be (-26 - -2)*(h - 1). Suppose -6*w + 3*w = -i. Calculate the remainder when 15 is divided by w.
7
Suppose c + 8 = 3*c. Suppose 0 = c*z - 0 - 20. What is the remainder when z is divided by 2 - 0/(-1)*-1?
1
What is the remainder when 201 - (2 - (-12)/4) is divided by 40?
36
Suppose 3*d - 6 = 51. What is the remainder when d is divided by 16?
3
Suppose 2*f - 2 = 4*p, -9 = -3*f - 2*p + 2. Let s = f + 9. Calculate the remainder when 23 is divided by s.
11
Let w(t) = 9*t - 20. What is the remainder when w(5) is divided by 14?
11
Suppose 4*n = 175 - 51. Let y = -2 - -11. Let a = y - -7. Calculate the remainder when n is divided by a.
15
Suppose -5*i + 11 + 11 = 3*p, -5*p + 41 = 4*i. Suppose 4*s - 13 - 3 = 0. What is the remainder when p is divided by 9*(-1)/(-1) - s?
4
Suppose -2*r + 0*r = -4. Let a(w) = -w**2 + 8*w + 11. What is the remainder when (-3 + (-4)/r)*-7 is divided by a(7)?
17
Suppose 5*a + 1 + 4 = 0. Let g(q) = -13*q**3 - 2*q**2 - 3*q - 2. Let s(p) = p**2 - 5*p - 1. Calculate the remainder when s(-4) is divided by g(a).
11
Calculate the remainder when 1/(-5) + 6*(-83)/(-15) is divided by 12.
9
Suppose 6*n - 5*n - 13 = 0. Let q = 19 - n. What is the remainder when q is divided by 4?
2
Suppose -5*r + 3*k - 12 = 23, 0 = 4*r + 5*k - 9. Let c = -1 - r. Calculate the remainder when ((-6)/(-3 - -6))/((-2)/4) is divided by c.
1
Suppose 2 = -0*o + o. Calculate the remainder when (-2)/4*o*-29 is divided by 10.
9
Let u = 15 - 7. Let m be 5/2*u/10. Suppose 96 = 5*b - m*b. Calculate the remainder when b is divided by 11.
10
Let q(m) = m**2 - 8*m - 20. Suppose -12 = -2*b - b. Calculate the remainder when q(11) is divided by b.
1
Calculate the remainder when 120/16 + (-3)/2 is divided by 3.
0
Let m = 27 + -20. What is the remainder when 26 is divided by m?
5
What is the remainder when 15 is divided by ((-6)/(-10))/((-7)/(-70))?
3
Let t be ((-2)/(-4) - 0)*0. Let o be t/(1 + 2 - 0). Suppose -6*m + 3*m + 66 = o. Calculate the remainder when m is divided by 8.
6
Suppose 4*q + 36 = 4*t, -t + 3*q + 14 = 3. Let u be (-1 - 0)*-9 - 1. Let j = u - 3. Calculate the remainder when t is divided by j.
3
Suppose 3*m + 26 - 68 = 0. Suppose -7*g = -2*g - 270. What is the remainder when g is divided by m?
12
Let q = -20 + 40. Suppose 0 = 5*b - 3*s - 98 + q, 2 = -2*s. Calculate the remainder when 42 is divided by b.
12
Suppose -x = 4*h + 5, x = -x - h - 3. Calculate the remainder when 13 is divided by -3 + (-1)/x - -7.
3
Let d be -9*(-1 - -2 - 0). Let z be d*-4*1/3. Suppose -5*c + z = -3*c. Calculate the remainder when 11 is divided by c.
5
Let x be 10/3*(4 + 2). Suppose l + 4*l = x. Suppose 5*d = -g + 61, 40 = 4*d + l*g - g. What is the remainder when 24 is divided by d?
11
Let g(i) = -i + 3. Let f be g(3). Suppose f = -c + 17 + 41. Let y = -25 + 45. What is the remainder when c is divided by y?
18
Let a be ((-8)/(-6))/((-1)/3). Suppose -60 = 17*z - 7*z. What is the remainder when 74 is divided by a/z - 365/(-15)?
24
Let a = 6 + -5. Suppose -v - a + 3 = 0. Suppose -v*z - s = 2*z - 47, 2*s = 6. What is the remainder when z is divided by 4?
3
Let v(n) = n - 4. Let x be (3 - (-17)/(-3))*-3. Calculate the remainder when 8 is divided by v(x).
0
Let o(l) = -l - 3. Let v = -24 + 38. Calculate the remainder when v is divided by o(-7).
2
Let r = 85 + -50. Let f = r - 6. What is the remainder when f is divided by 8?
5
Let y = 1 - -15. Let h = y - 40. Calculate the remainder when 31 is divided by ((-24)/(-18))/((-2)/h).
15
Suppose 3*q - 20 = q. Let u = 54 - q. Calculate the remainder when u is divided by 23.
21
Let u(g) = -g**3 + 3*g**2 + 4*g + 3. Let p be u(4). Suppose -5*b + 76 = 3*f, 0 = -p*b - 5*f + 30 + 22. What is the remainder when b is divided by 4?
2
Calculate the remainder when (-16 - 6)*(1 + (-10)/4) is divided by 13.
7
Let f(a) = a**2 - 8*a + 28. What is the remainder when f(12) is divided by 24?
4
Let m(g) = g**3 - 15*g**2 + 14*g + 8. Calculate the remainder when 19 is divided by m(14).
3
Let v = 5 - 3. Suppose 0 = w + v*w - 63. Calculate the remainder when 60 is divided by w.
18
Let y = 1 - -6. Suppose 3*c - y*c = -132. What is the remainder when c is divided by 17?
16
Let q be 4 + -2 + 2 + 15. Let o = 3 + q. Suppose f + 5*g + 2 = 0, 4*f + 4*g - 6 = 18. Calculate the remainder when o is divided by f.
6
Let n(b) = b**3 + 7*b**2 - 4*b - 9. Calculate the remainder when 149 is divided by n(-6).
47
Suppose -4*f = -65 + 37. Calculate the remainder when 19 is divided by f.
5
Let d be -2 + -2 + 3 + 3. Suppose -d*x + 210 = 3*x. What is the remainder when x is divided by 11?
9
Let p(s) be the 